 Let u be c(-12). Let g = u + -89. Let t = g + 84. List the prime factors of t.
7
Suppose s - 260 = -2*u, -38*u + 516 = -34*u + 4*s. List the prime factors of u.
131
Suppose -54 + 9 = -5*z. Suppose c - z = -48. What are the prime factors of 2/(18/c)*-6?
2, 13
Let y(g) = 10*g + 7. Let n(t) = 10*t + 7. Let o(x) = -4*n(x) + 5*y(x). What are the prime factors of o(11)?
3, 13
Let f(v) = v**3 - 7*v**2 - 7*v - 3. Let u be f(8). Suppose -4*b + 3*g = -g - 20, g + 13 = u*b. Suppose b*n = 6*n - 52. What are the prime factors of n?
13
Let u(l) = -l**2 + 13*l + 30. Let b be u(15). Suppose 0 = -2*z + 4 - 6, b = 4*t + 3*z - 81. List the prime factors of t.
3, 7
Suppose -7*g = 7*g - 2296. List the prime factors of g.
2, 41
Let f = 2216 - 911. What are the prime factors of f?
3, 5, 29
Let u be (0 - (-3 - 20/(-8)))*0. Suppose 4*l - 958 - 2 = u. What are the prime factors of l?
2, 3, 5
Suppose 3*a + 32 = a. Let g = a - -15. Let o(l) = -9*l**3 - l**2. What are the prime factors of o(g)?
2
Suppose 1590 = 3*s - 0*s. Suppose s = 7*q - 1052. List the prime factors of q.
2, 113
Let d(m) = -91*m + 15. Let g(n) = 183*n - 29. Let b(s) = 5*d(s) + 2*g(s). List the prime factors of b(-2).
3, 5, 13
Suppose 0*d - 2*d + 4*q = -1274, -3*q + 1274 = 2*d. What are the prime factors of d?
7, 13
Let l(d) = -d**2 - 3*d. Let p be l(-3). Suppose p = -h + 18 + 31. Suppose -3*o + 187 = h. What are the prime factors of o?
2, 23
List the prime factors of 250/(-4)*-8*(-6)/(-24).
5
Let z be 4*(-3 - -4)*1. Suppose 0 = -5*o - z - 1, 0 = 3*k + 5*o - 1. Suppose -k = -q + 1. What are the prime factors of q?
3
Suppose -29*a = -35*a + 2184. List the prime factors of a.
2, 7, 13
Suppose 2947 = 4*l - 3*l. What are the prime factors of l?
7, 421
Let m = -13 + 20. Suppose -972 = -m*a + 3*a. Suppose 5*t - 165 = 2*t - 5*v, a = 4*t - v. List the prime factors of t.
2, 3, 5
Suppose 0 = -k + 5*c + 15, c + 1 = -2. Suppose -6*g = -k*g - 252. What are the prime factors of g?
2, 3, 7
Let g = 113 + -110. What are the prime factors of g/12*3 - 6536/(-32)?
5, 41
Suppose 5*i + m = -80, -5*i + 5*m - 54 - 56 = 0. Let x(n) = n**3 + 18*n**2 + 15*n - 25. Let k be x(i). Suppose -5*j - k = -99. List the prime factors of j.
2, 3
Let f = -33 - -57. List the prime factors of 27/(2*4/f) + -1.
2, 5
Suppose -10*d + 2096 = -5*d - 2*u, d = -2*u + 412. What are the prime factors of d?
2, 11, 19
Suppose 16*a = 2*c + 17*a - 535, 539 = 2*c + 5*a. What are the prime factors of c?
3, 89
Let c(s) = s**2 - 18*s + 8. Let h be c(18). What are the prime factors of (60/h)/(-3)*-10?
5
Let m = 453 - 306. Suppose 5*r - m = 123. Suppose 3*a - r = a. List the prime factors of a.
3
Let z = 77 - 16. Suppose -5*o - 16 + z = 0. Suppose 6*k = o*k - 141. List the prime factors of k.
47
Let a(d) = 32*d**2 - 43*d + 24. What are the prime factors of a(5)?
3, 7, 29
What are the prime factors of 1675320/368*8/10?
2, 3, 607
Let i = -222 + 349. What are the prime factors of i?
127
Let u = 46 + -41. Suppose 7*y - 2*y - u = 0. List the prime factors of (279/(-27))/(y/(-3)).
31
Suppose -3*f = 4*s - 1173, 0 = -41*s + 42*s + 4*f - 303. List the prime factors of s.
3, 97
Suppose 34*s - 17085 = 28917. List the prime factors of s.
3, 11, 41
Let y = 3 - 0. Suppose -4*i + 393 = -y*j, -6*j + j = i - 81. List the prime factors of i.
2, 3
Let n(g) = 4*g**2 + 11*g - 21. Let f be n(-10). Suppose 3*t = -56 + f. List the prime factors of t.
71
Suppose 3*o = -3*a + 9, a + 5*o = -1 - 4. Suppose -a = -3*v + 4*v. Let x = 9 + v. What are the prime factors of x?
2
Suppose k - 302 = 2*z, -3*z + 618 = 2*k - 0*k. Suppose x = 3*i + 58 - k, 4*i = 2*x + 332. List the prime factors of i.
2, 41
Let l(j) = 5*j**2 - 2. Suppose 2*v - 10 + 4 = 0. List the prime factors of l(v).
43
Suppose 0 = -5*j - 4*r + 14720 + 10620, -5*j + r + 25315 = 0. What are the prime factors of j?
2, 3, 211
Suppose 3*u + 4 = 7*u. List the prime factors of u/(-3) - (-1900)/30.
3, 7
Let g(t) = 19*t**2 + 28*t - 15. List the prime factors of g(7).
2, 139
Let q(a) = a**2 - 5*a + 4. Let t be q(3). Let j(r) = -15*r - 3. Let u be j(t). Suppose 0 = -5*i - 4*m + 53, 0 = 5*i + 5*m - 23 - u. List the prime factors of i.
13
Let i(j) = j**2 + 11*j + 12. Let f be i(-11). Let n be 3/f - 4/16. Suppose -r + 93 = 4*l, 2*l - 3*l - 5*r + 47 = n. List the prime factors of l.
2, 11
Let w be -2 + 2 - (6 + 0). Let b = w - -67. List the prime factors of b.
61
Let r = 258 - 61. List the prime factors of r.
197
Let y = 977 - -772. What are the prime factors of y?
3, 11, 53
Suppose -3*s - 3*y = 2*s - 29, 3*s - 18 = -2*y. Suppose -4*x = n - 12, -2*x + 12 = -5*n + s*n. Let t(r) = -r**3 + 5*r**2. What are the prime factors of t(x)?
2
Suppose 0 = -0*y - y + 629. Let v = -369 + y. List the prime factors of (-3)/(-5) + v/25.
11
Suppose 22*d + 32*d - 39312 = 0. List the prime factors of d.
2, 7, 13
Let r = -3120 + 5014. List the prime factors of r.
2, 947
Let c = -3 - -6. Suppose -c*q - 55 = -319. Let g = q + -60. List the prime factors of g.
2, 7
Suppose 0 = -3*n - 2*v + 277, 0*n - n + 2*v + 79 = 0. Suppose -3*y - n = -r + 39, r - 212 = 5*y. Let i = -21 - y. What are the prime factors of i?
3, 7
Let d(y) = -y**2 + 24*y - 42. Let t be d(12). Suppose -16*v = -19*v + t. List the prime factors of v.
2, 17
Suppose 0 = -2*j - 2*j + 12. Suppose -j*l = 2*l - 50. Suppose i - 21 = -l. What are the prime factors of i?
11
Let q(n) = 2*n - 20. Let w be q(10). Suppose w = 8*i - 951 - 353. What are the prime factors of i?
163
Suppose 2*h - 5*g = -h + 54, 0 = -3*g - 9. Suppose j = -w - 8, 5*w - 10 = 2*j + h. List the prime factors of j/(-27) - (-176)/3.
59
Suppose -6*f + 5179 = -15725. What are the prime factors of f?
2, 13, 67
Let s(f) = f**2 + 17*f + 47. Let a be s(-14). Suppose 3*p = 4*p - 2*c - 225, a*p - 5*c = 1135. What are the prime factors of p?
229
Suppose 0 = -p + 6*p + 210. Let x = 133 + p. List the prime factors of x.
7, 13
Suppose 4*r - 912 - 331 = -5*u, -2*r + 4*u = -654. List the prime factors of r.
317
Let p = -38 - -23. Let b(n) = -4*n + 4. What are the prime factors of b(p)?
2
Suppose 2*y = 2*x - 90, 169 + 64 = -5*y - 3*x. Let b be (1 + 12 + -2)*(-9 + 6). Let i = b - y. List the prime factors of i.
13
Let f = -106 + 266. Suppose 0 = 17*c - 13*c - f. List the prime factors of c.
2, 5
List the prime factors of ((-6810)/36*3)/((-7)/14).
5, 227
Let r = -20 - -25. Suppose -r*g + 0*g - 15 = 0. What are the prime factors of (3 - (2 + g)) + 21?
5
What are the prime factors of -7132*(-40)/110 + 6/11?
2, 1297
Suppose -4*c - 3 = -3*c. Let k(x) = -4*x - 3 + 2*x + 3*x**2 + 1. List the prime factors of k(c).
31
Let z(n) = 16*n**2 + 4*n - n**3 - 8 - 6*n**2 + 3. List the prime factors of z(9).
2, 7
Let t be (0 - 15)*1*-1. Let i = 63 + t. List the prime factors of i.
2, 3, 13
Let d = -507 + 836. List the prime factors of d.
7, 47
Suppose -3*i + 0 + 66 = 5*u, 0 = 4*u - 4*i - 40. Suppose 0 = 26*v - 25*v - u. What are the prime factors of v?
2, 3
Suppose 5*o + 5*s = 6*o - 271, -4*s = 5*o - 1442. List the prime factors of o.
2, 11, 13
Let v be (-3)/(-5) + 686/(-10). Let k = v - -176. List the prime factors of k.
2, 3
Let r(q) = q**2 + 14*q - 27. Let x be r(-16). Let k be ((-138)/9)/(4/6). Let m = x - k. List the prime factors of m.
2, 7
Let v(b) = 1349*b**3 - 3*b**2 - 3*b + 4. List the prime factors of v(1).
3, 449
Let y(h) = -1 + 0*h + 10*h - 2 + 0. Suppose -4*q - 8 = 2*a, -4*q = -a - 3*a + 32. List the prime factors of y(a).
37
Suppose 31*a = 30*a. What are the prime factors of 5 + -1 + 3*(a + 58)?
2, 89
Suppose 0 = 4*d - 10*d - 2454. Let j = 686 + d. What are the prime factors of j?
277
Let l(j) = 7*j**3 - 3*j**2 + 3*j - 1. Let p be l(1). Suppose p*f + 609 = 9*f. List the prime factors of f.
7, 29
Let i = 1810 - 775. What are the prime factors of i?
3, 5, 23
Let j(o) = -60*o - 26. What are the prime factors of j(-21)?
2, 617
Let o(n) = 26*n. Let g be (-2)/(-24)*3*4. List the prime factors of o(g).
2, 13
Let d be 3/(-6) + (-7)/(-2). Suppose d*m = 30 - 12. Suppose m*v = 10*v - 92. List the prime factors of v.
23
Suppose 2*a = 4*b + 7118, 0*b + 3*b = a - 3563. What are the prime factors of a?
53, 67
Suppose -4 = 2*i - 8. Suppose -2*j = -4*a - 18, 0 = j - i*a - 2*a - 15. Suppose -3*k - t + 16 + 86 = 0, j*t = 0. What are the prime factors of k?
2, 17
Let b be -1 - (-